{"id":1211,"date":"2018-10-19T18:27:43","date_gmt":"2018-10-19T16:27:43","guid":{"rendered":"https:\/\/dittaweb.it\/wpdw\/?page_id=1211"},"modified":"2024-01-23T14:40:44","modified_gmt":"2024-01-23T13:40:44","slug":"assistenza","status":"publish","type":"page","link":"https:\/\/dittaweb.it\/wpdw\/index.php\/assistenza\/","title":{"rendered":"Assistenza"},"content":{"rendered":"<p><div class=\"fusion-fullwidth fullwidth-box fusion-builder-row-1 nonhundred-percent-fullwidth non-hundred-percent-height-scrolling\" style=\"--awb-border-radius-top-left:0px;--awb-border-radius-top-right:0px;--awb-border-radius-bottom-right:0px;--awb-border-radius-bottom-left:0px;--awb-padding-top:0px;--awb-margin-top:0px;--awb-flex-wrap:wrap;\" ><div class=\"fusion-builder-row fusion-row\"><div class=\"fusion-layout-column fusion_builder_column fusion-builder-column-0 fusion_builder_column_1_1 1_1 fusion-one-full fusion-column-first fusion-column-last\" style=\"--awb-bg-size:cover;\"><div class=\"fusion-column-wrapper fusion-flex-column-wrapper-legacy\"><div class=\"fusion-text fusion-text-1\"><h2 style=\"text-align: center;\">Ti accompagniamo nella fase di analisi preventiva<\/h2>\n<h4>Possono emergere necessit\u00e0 di personalizzazioni del software per renderlo pi\u00f9 performante nelle tue routine di lavoro. Dopodich\u00e9 ti supportiamo, con la migrazione dei dati dal vecchio al nuovo gestionale, nella formazione del personale addetto.<\/h4>\n<\/div><div class=\"fusion-clearfix\"><\/div><\/div><\/div><\/div><\/div><div class=\"fusion-fullwidth fullwidth-box fusion-builder-row-2 nonhundred-percent-fullwidth non-hundred-percent-height-scrolling\" style=\"--awb-border-radius-top-left:0px;--awb-border-radius-top-right:0px;--awb-border-radius-bottom-right:0px;--awb-border-radius-bottom-left:0px;--awb-background-color:rgba(39,76,147,0.21);--awb-flex-wrap:wrap;\" ><div class=\"fusion-builder-row fusion-row\"><div class=\"fusion-layout-column fusion_builder_column fusion-builder-column-1 fusion_builder_column_1_1 1_1 fusion-one-full fusion-column-first fusion-column-last fusion-column-no-min-height\" style=\"--awb-padding-top:15px;--awb-bg-size:cover;--awb-margin-bottom:0px;\"><div class=\"fusion-column-wrapper fusion-flex-column-wrapper-legacy\"><div class=\"fusion-content-boxes content-boxes columns row fusion-columns-3 fusion-columns-total-3 fusion-content-boxes-1 content-boxes-icon-on-side content-left\" style=\"--awb-hover-accent-color:#274c93;--awb-circle-hover-accent-color:transparent;\" data-animationOffset=\"top-into-view\"><div style=\"--awb-backgroundcolor:#f4f4f4;--awb-iconcolor:rgba(39,76,147,0.63);--awb-content-padding-left:47px;\" class=\"fusion-column content-box-column content-box-column content-box-column-1 col-lg-4 col-md-4 col-sm-4 fusion-content-box-hover content-box-column-first-in-row\"><div class=\"col content-box-wrapper content-wrapper-background link-area-box icon-hover-animation-slide\" data-animationOffset=\"top-into-view\"><div class=\"heading heading-with-icon icon-left\"><div class=\"icon\"><i style=\"background-color:transparent;border-color:transparent;height:auto;width: 27px;line-height:normal;font-size:27px;\" aria-hidden=\"true\" class=\"fontawesome-icon fa-download fas circle-no\"><\/i><\/div><h2 class=\"content-box-heading\" style=\"--h2_typography-font-size:18px;line-height:23px;padding-left:47px;\">Import dati<\/h2><\/div><div class=\"fusion-clearfix\"><\/div><div class=\"content-container\">\n<p>Organizziamo l&#8217;importazione della maggior quantit\u00e0 di dati possibili dal vecchio gestionale a Dittaweb, tramite ambienti dedicati cos\u00ec da garantire la continuit\u00e0 nelle attivit\u00e0 quotidiane, senza interruzioni.<\/p>\n<\/div><\/div><\/div><div style=\"--awb-backgroundcolor:#f4f4f4;--awb-iconcolor:rgba(39,76,147,0.63);--awb-content-padding-left:47px;\" class=\"fusion-column content-box-column content-box-column content-box-column-2 col-lg-4 col-md-4 col-sm-4 fusion-content-box-hover \"><div class=\"col content-box-wrapper content-wrapper-background link-area-box icon-hover-animation-slide\" data-animationOffset=\"top-into-view\"><div class=\"heading heading-with-icon icon-left\"><div class=\"icon\"><i style=\"background-color:transparent;border-color:transparent;height:auto;width: 27px;line-height:normal;font-size:27px;\" aria-hidden=\"true\" class=\"fontawesome-icon fa-users-cog fas circle-no\"><\/i><\/div><h2 class=\"content-box-heading\" style=\"--h2_typography-font-size:18px;line-height:23px;padding-left:47px;\">Pratica con gli Addetti<\/h2><\/div><div class=\"fusion-clearfix\"><\/div><div class=\"content-container\">\n<p>Programmiamo corsi on-site per la formazione delle persone dedicate all&#8217;utilizzo di Dittaweb, oltre all&#8217;affiancamento online per ogni necessit\u00e0 sia iniziale che continuativa.<\/p>\n<\/div><\/div><\/div><div style=\"--awb-backgroundcolor:#f4f4f4;--awb-iconcolor:rgba(39,76,147,0.63);--awb-content-padding-left:47px;\" class=\"fusion-column content-box-column content-box-column content-box-column-3 col-lg-4 col-md-4 col-sm-4 fusion-content-box-hover content-box-column-last content-box-column-last-in-row\"><div class=\"col content-box-wrapper content-wrapper-background link-area-box icon-hover-animation-slide\" data-animationOffset=\"top-into-view\"><div class=\"heading heading-with-icon icon-left\"><div class=\"icon\"><i style=\"background-color:transparent;border-color:transparent;height:auto;width: 27px;line-height:normal;font-size:27px;\" aria-hidden=\"true\" class=\"fontawesome-icon fa-cogs fas circle-no\"><\/i><\/div><h2 class=\"content-box-heading\" style=\"--h2_typography-font-size:18px;line-height:23px;padding-left:47px;\">Personalizzazioni<\/h2><\/div><div class=\"fusion-clearfix\"><\/div><div class=\"content-container\">\n<p>Le funzionalit\u00e0 operative di PMI e professionisti alle volte necessitano di personalizzazioni, che valutiamo in fase di analisi per evitare &#8220;sorprese&#8221;, oppure in seguito se sorgono nuove necessit\u00e0.<\/p>\n<\/div><\/div><\/div><div class=\"fusion-clearfix\"><\/div><\/div><div class=\"fusion-clearfix\"><\/div><\/div><\/div><\/div><\/div><div class=\"fusion-fullwidth fullwidth-box fusion-builder-row-3 nonhundred-percent-fullwidth non-hundred-percent-height-scrolling\" style=\"--awb-border-radius-top-left:0px;--awb-border-radius-top-right:0px;--awb-border-radius-bottom-right:0px;--awb-border-radius-bottom-left:0px;--awb-flex-wrap:wrap;\" ><div class=\"fusion-builder-row fusion-row\"><div class=\"fusion-layout-column fusion_builder_column fusion-builder-column-2 fusion_builder_column_1_1 1_1 fusion-one-full fusion-column-first fusion-column-last\" style=\"--awb-padding-top:30px;--awb-bg-size:cover;\"><div class=\"fusion-column-wrapper fusion-flex-column-wrapper-legacy\"><div class=\"fusion-text fusion-text-2\"><h2 style=\"text-align: center;\">Ti assistiamo ogni qualvolta che ne hai necessit\u00e0<\/h2>\n<h4>Cerchiamo soluzioni semplici alle tante problematiche della vita lavorativa di ogni nostro cliente. Ma la cosa importante \u00e8 sicuramente &#8220;esserci&#8221; nel momento del bisogno.<\/h4>\n<\/div><div class=\"fusion-clearfix\"><\/div><\/div><\/div><\/div><\/div><div class=\"fusion-fullwidth fullwidth-box fusion-builder-row-4 nonhundred-percent-fullwidth non-hundred-percent-height-scrolling\" style=\"--awb-border-radius-top-left:0px;--awb-border-radius-top-right:0px;--awb-border-radius-bottom-right:0px;--awb-border-radius-bottom-left:0px;--awb-background-color:rgba(39,76,147,0.21);--awb-flex-wrap:wrap;\" ><div class=\"fusion-builder-row fusion-row\"><div class=\"fusion-layout-column fusion_builder_column fusion-builder-column-3 fusion_builder_column_1_1 1_1 fusion-one-full fusion-column-first fusion-column-last fusion-column-no-min-height\" style=\"--awb-padding-top:15px;--awb-bg-size:cover;--awb-margin-bottom:0px;\"><div class=\"fusion-column-wrapper fusion-flex-column-wrapper-legacy\"><div class=\"fusion-content-boxes content-boxes columns row fusion-columns-3 fusion-columns-total-3 fusion-content-boxes-2 content-boxes-icon-on-side content-left\" style=\"--awb-hover-accent-color:#274c93;--awb-circle-hover-accent-color:transparent;\" data-animationOffset=\"top-into-view\"><div style=\"--awb-backgroundcolor:#f4f4f4;--awb-iconcolor:rgba(39,76,147,0.63);--awb-content-padding-left:47px;\" class=\"fusion-column content-box-column content-box-column content-box-column-1 col-lg-4 col-md-4 col-sm-4 fusion-content-box-hover content-box-column-first-in-row\"><div class=\"col content-box-wrapper content-wrapper-background link-area-box icon-hover-animation-slide\" data-animationOffset=\"top-into-view\"><div class=\"heading heading-with-icon icon-left\"><div class=\"icon\"><i style=\"background-color:transparent;border-color:transparent;height:auto;width: 27px;line-height:normal;font-size:27px;\" aria-hidden=\"true\" class=\"fontawesome-icon fa-handshake far circle-no\"><\/i><\/div><h2 class=\"content-box-heading\" style=\"--h2_typography-font-size:18px;line-height:23px;padding-left:47px;\">Assistenza in azienda<\/h2><\/div><div class=\"fusion-clearfix\"><\/div><div class=\"content-container\">\n<p>L&#8217;analisi iniziale delle funzioni base e di quelle particolari viene solitamente effettuata presso di voi, anche per confrontarsi con noi su una particolare routine, o valutarne insieme l&#8217;implementazione di vostre personalizzate.<\/p>\n<\/div><\/div><\/div><div style=\"--awb-backgroundcolor:#f4f4f4;--awb-iconcolor:rgba(39,76,147,0.63);--awb-content-padding-left:47px;\" class=\"fusion-column content-box-column content-box-column content-box-column-2 col-lg-4 col-md-4 col-sm-4 fusion-content-box-hover \"><div class=\"col content-box-wrapper content-wrapper-background link-area-box icon-hover-animation-slide\" data-animationOffset=\"top-into-view\"><div class=\"heading heading-with-icon icon-left\"><div class=\"icon\"><i style=\"background-color:transparent;border-color:transparent;height:auto;width: 27px;line-height:normal;font-size:27px;\" aria-hidden=\"true\" class=\"fontawesome-icon fa-user-friends fas circle-no\"><\/i><\/div><h2 class=\"content-box-heading\" style=\"--h2_typography-font-size:18px;line-height:23px;padding-left:47px;\">Assistenza da remoto<\/h2><\/div><div class=\"fusion-clearfix\"><\/div><div class=\"content-container\">\n<p>Siamo sempre disponibili da remoto per supportarti mediante collegamento con il tuo pc, verificare e correggere online una eventuale anomalia, o anche per guidarti in condivisione video nelle funzioni che necessitano il nostro intervento.<\/p>\n<\/div><\/div><\/div><div style=\"--awb-backgroundcolor:#f4f4f4;--awb-iconcolor:rgba(39,76,147,0.63);--awb-content-padding-left:47px;\" class=\"fusion-column content-box-column content-box-column content-box-column-3 col-lg-4 col-md-4 col-sm-4 fusion-content-box-hover content-box-column-last content-box-column-last-in-row\"><div class=\"col content-box-wrapper content-wrapper-background link-area-box icon-hover-animation-slide\" data-animationOffset=\"top-into-view\"><div class=\"heading heading-with-icon icon-left\"><div class=\"icon\"><i style=\"background-color:transparent;border-color:transparent;height:auto;width: 27px;line-height:normal;font-size:27px;\" aria-hidden=\"true\" class=\"fontawesome-icon fa-cloud-download-alt fas circle-no\"><\/i><\/div><h2 class=\"content-box-heading\" style=\"--h2_typography-font-size:18px;line-height:23px;padding-left:47px;\">Aggiornamenti<\/h2><\/div><div class=\"fusion-clearfix\"><\/div><div class=\"content-container\">\n<p>Gli aggiornamenti relativi a nuove versioni migliorative ed a personalizzazioni del software, come gli aggiornamenti fiscali, saranno gi\u00e0 disponibili e funzionanti sul tuo pc senza dover installare niente, e senza interruzioni di lavoro.<\/p>\n<\/div><\/div><\/div><div class=\"fusion-clearfix\"><\/div><\/div><div class=\"fusion-clearfix\"><\/div><\/div><\/div><\/div><\/div><div class=\"fusion-fullwidth fullwidth-box fusion-builder-row-5 nonhundred-percent-fullwidth non-hundred-percent-height-scrolling\" style=\"--awb-border-radius-top-left:0px;--awb-border-radius-top-right:0px;--awb-border-radius-bottom-right:0px;--awb-border-radius-bottom-left:0px;--awb-background-color:rgba(39,76,147,0.21);--awb-flex-wrap:wrap;\" ><div class=\"fusion-builder-row fusion-row\"><div class=\"fusion-layout-column fusion_builder_column fusion-builder-column-4 fusion_builder_column_1_1 1_1 fusion-one-full fusion-column-first fusion-column-last fusion-column-no-min-height\" style=\"--awb-padding-top:15px;--awb-bg-size:cover;--awb-margin-bottom:0px;\"><div class=\"fusion-column-wrapper fusion-flex-column-wrapper-legacy\"><div class=\"fusion-text fusion-text-3\"><div class=\"table-1\">\n<table width=\"100%\">\n<thead>\n<tr>\n<th align=\"left\"><span style=\"color: #617cb0;\"><strong>FASE<\/strong><\/span><\/th>\n<th align=\"left\"><strong><span style=\"color: #617cb0;\">OPERAZIONE DI ATTIVAZIONE<\/span><\/strong><\/th>\n<\/tr>\n<\/thead>\n<tbody>\n<tr>\n<td>\n<b style=\"text-align: center;\">1<\/b>\n<\/td>\n<td>Analisi di dettaglio esigenze del cliente<\/td>\n<\/tr>\n<tr>\n<td>\n<b style=\"text-align: center;\">2<\/b>\n<\/td>\n<td>Sviluppo personalizzazioni se necessarie<\/td>\n<\/tr>\n<tr>\n<td>\n<b style=\"text-align: center;\">3<\/b>\n<\/td>\n<td>Stesura della documentazione utente<\/td>\n<\/tr>\n<tr>\n<td>\n<b style=\"text-align: center;\">4<\/b>\n<\/td>\n<td>Collaudo del sistema e revisione della documentazione<\/td>\n<\/tr>\n<tr>\n<td>\n<b style=\"text-align: center;\">5<\/b>\n<\/td>\n<td>Abilitazione di accesso al servizio<\/td>\n<\/tr>\n<tr>\n<td>\n<b style=\"text-align: center;\">6<\/b>\n<\/td>\n<td>Importazione dati (Clienti \/ Fornitori \/ Articoli ecc.)<\/td>\n<\/tr>\n<tr>\n<td>\n<b style=\"text-align: center;\">7<\/b>\n<\/td>\n<td>Formazione di tutti gli operatori da remoto o presso il Cliente<\/td>\n<\/tr>\n<tr>\n<td>\n<b style=\"text-align: center;\">8<\/b>\n<\/td>\n<td>Passaggio al nuovo applicativo<\/td>\n<\/tr>\n<\/tbody>\n<\/table>\n<\/div>\n<\/div><div class=\"fusion-sep-clear\"><\/div><div class=\"fusion-separator fusion-full-width-sep\" style=\"margin-left: auto;margin-right: auto;margin-top:10px;margin-bottom:10px;width:100%;\"><\/div><div class=\"fusion-sep-clear\"><\/div><div class=\"fusion-clearfix\"><\/div><\/div><\/div><\/div><\/div><div class=\"fusion-fullwidth fullwidth-box fusion-builder-row-6 nonhundred-percent-fullwidth non-hundred-percent-height-scrolling fusion-equal-height-columns\" style=\"--awb-background-position:left top;--awb-border-sizes-top:0px;--awb-border-sizes-bottom:0px;--awb-border-sizes-left:0px;--awb-border-sizes-right:0px;--awb-border-radius-top-left:0px;--awb-border-radius-top-right:0px;--awb-border-radius-bottom-right:0px;--awb-border-radius-bottom-left:0px;--awb-padding-top:0px;--awb-padding-bottom:0px;--awb-margin-top:0px;--awb-margin-bottom:0px;--awb-background-color:#936e27;--awb-flex-wrap:wrap;\" ><div class=\"fusion-builder-row fusion-row\"><div class=\"fusion-layout-column fusion_builder_column fusion-builder-column-5 fusion_builder_column_3_4 3_4 fusion-three-fourth fusion-column-first\" style=\"--awb-bg-size:cover;--awb-margin-bottom:0px;width:74%; margin-right: 4%;\"><div class=\"fusion-column-wrapper fusion-flex-column-wrapper-legacy\"><div class=\"fusion-sep-clear\"><\/div><div class=\"fusion-separator fusion-full-width-sep\" style=\"margin-left: auto;margin-right: auto;margin-top:10px;margin-bottom:20px;width:100%;\"><\/div><div class=\"fusion-sep-clear\"><\/div><div class=\"fusion-text fusion-text-4\"><h2 style=\"text-align: left;\"><span style=\"color: #ffffff;\">Prenota una demo gratuita online personalizzata.<\/span><\/h2>\n<h3><span style=\"color: #ffffff;\">Scopri le potenzialit\u00e0 di Dittaweb e come puoi usufruire dei vantaggi che offre.<\/span><\/h3>\n<\/div><div class=\"fusion-clearfix\"><\/div><\/div><\/div><div class=\"fusion-layout-column fusion_builder_column fusion-builder-column-6 fusion_builder_column_1_4 1_4 fusion-one-fourth fusion-column-last\" style=\"--awb-bg-color:#f5f5f5;--awb-bg-color-hover:#f5f5f5;--awb-bg-size:cover;--awb-margin-bottom:0px;width:22%;\"><div class=\"fusion-column-wrapper fusion-flex-column-wrapper-legacy\"><div class=\"fusion-column-content-centered\"><div class=\"fusion-column-content\"><div class=\"fusion-aligncenter\"><a class=\"fusion-button button-flat button-xlarge button-custom fusion-button-default button-1 fusion-button-default-span fusion-animated\" style=\"--button_accent_color:#f7f7f7;--button_border_color:#f7f7f7;--button_accent_hover_color:#f7f7f7;--button_border_hover_color:#f7f7f7;--button_border_width-top:2px;--button_border_width-right:2px;--button_border_width-bottom:2px;--button_border_width-left:2px;--button_gradient_top_color:#936e27;--button_gradient_bottom_color:#936e27;--button_gradient_top_color_hover:#274c93;--button_gradient_bottom_color_hover:#274c93;\" data-animationType=\"fadeInRight\" data-animationDuration=\"1.0\" data-animationOffset=\"top-into-view\" target=\"_self\" href=\"https:\/\/dittaweb.it\/wpdw\/?page_id=1464\"><span class=\"fusion-button-text\">PRENOTA ORA<\/span><\/a><\/div><\/div><\/div><div class=\"fusion-clearfix\"><\/div><\/div><\/div><\/div><\/div><\/p>\n","protected":false},"excerpt":{"rendered":"","protected":false},"author":2,"featured_media":0,"parent":0,"menu_order":0,"comment_status":"closed","ping_status":"closed","template":"100-width.php","meta":{"footnotes":""},"class_list":["post-1211","page","type-page","status-publish","hentry"],"yoast_head":"<!-- This site is optimized with the Yoast SEO plugin v27.4 - https:\/\/yoast.com\/product\/yoast-seo-wordpress\/ -->\n<title>Assistenza - Dittaweb<\/title>\n<meta name=\"description\" content=\"L&#039;assistenza Dittaweb assicura la soluzione dei problemi nel minor tempo possibile, con chat online per contatto in tempo reale\" \/>\n<meta name=\"robots\" content=\"index, follow, max-snippet:-1, max-image-preview:large, max-video-preview:-1\" \/>\n<link rel=\"canonical\" href=\"https:\/\/dittaweb.it\/wpdw\/index.php\/assistenza\/\" \/>\n<meta property=\"og:locale\" content=\"it_IT\" \/>\n<meta property=\"og:type\" content=\"article\" \/>\n<meta property=\"og:title\" content=\"Assistenza - Dittaweb\" \/>\n<meta property=\"og:description\" content=\"L&#039;assistenza Dittaweb assicura la soluzione dei problemi nel minor tempo possibile, con chat online per contatto in tempo reale\" \/>\n<meta property=\"og:url\" content=\"https:\/\/dittaweb.it\/wpdw\/index.php\/assistenza\/\" \/>\n<meta property=\"og:site_name\" content=\"Dittaweb\" \/>\n<meta property=\"article:publisher\" content=\"https:\/\/www.facebook.com\/Sargo-1607970546098800\/\" \/>\n<meta property=\"article:modified_time\" content=\"2024-01-23T13:40:44+00:00\" \/>\n<meta name=\"twitter:card\" content=\"summary_large_image\" \/>\n<meta name=\"twitter:label1\" content=\"Tempo di lettura stimato\" \/>\n\t<meta name=\"twitter:data1\" content=\"2 minuti\" \/>\n<script type=\"application\/ld+json\" class=\"yoast-schema-graph\">{\"@context\":\"https:\\\/\\\/schema.org\",\"@graph\":[{\"@type\":\"WebPage\",\"@id\":\"https:\\\/\\\/dittaweb.it\\\/wpdw\\\/index.php\\\/assistenza\\\/\",\"url\":\"https:\\\/\\\/dittaweb.it\\\/wpdw\\\/index.php\\\/assistenza\\\/\",\"name\":\"Assistenza - Dittaweb\",\"isPartOf\":{\"@id\":\"https:\\\/\\\/dittaweb.it\\\/wpdw\\\/#website\"},\"datePublished\":\"2018-10-19T16:27:43+00:00\",\"dateModified\":\"2024-01-23T13:40:44+00:00\",\"description\":\"L'assistenza Dittaweb assicura la soluzione dei problemi nel minor tempo possibile, con chat online per contatto in tempo reale\",\"breadcrumb\":{\"@id\":\"https:\\\/\\\/dittaweb.it\\\/wpdw\\\/index.php\\\/assistenza\\\/#breadcrumb\"},\"inLanguage\":\"it-IT\",\"potentialAction\":[{\"@type\":\"ReadAction\",\"target\":[\"https:\\\/\\\/dittaweb.it\\\/wpdw\\\/index.php\\\/assistenza\\\/\"]}]},{\"@type\":\"BreadcrumbList\",\"@id\":\"https:\\\/\\\/dittaweb.it\\\/wpdw\\\/index.php\\\/assistenza\\\/#breadcrumb\",\"itemListElement\":[{\"@type\":\"ListItem\",\"position\":1,\"name\":\"Home\",\"item\":\"https:\\\/\\\/dittaweb.it\\\/wpdw\\\/\"},{\"@type\":\"ListItem\",\"position\":2,\"name\":\"Assistenza\"}]},{\"@type\":\"WebSite\",\"@id\":\"https:\\\/\\\/dittaweb.it\\\/wpdw\\\/#website\",\"url\":\"https:\\\/\\\/dittaweb.it\\\/wpdw\\\/\",\"name\":\"Dittaweb\",\"description\":\"Gestionale ERP cloud\",\"publisher\":{\"@id\":\"https:\\\/\\\/dittaweb.it\\\/wpdw\\\/#organization\"},\"potentialAction\":[{\"@type\":\"SearchAction\",\"target\":{\"@type\":\"EntryPoint\",\"urlTemplate\":\"https:\\\/\\\/dittaweb.it\\\/wpdw\\\/?s={search_term_string}\"},\"query-input\":{\"@type\":\"PropertyValueSpecification\",\"valueRequired\":true,\"valueName\":\"search_term_string\"}}],\"inLanguage\":\"it-IT\"},{\"@type\":\"Organization\",\"@id\":\"https:\\\/\\\/dittaweb.it\\\/wpdw\\\/#organization\",\"name\":\"Dittaweb by Sargo soc. coop\",\"url\":\"https:\\\/\\\/dittaweb.it\\\/wpdw\\\/\",\"logo\":{\"@type\":\"ImageObject\",\"inLanguage\":\"it-IT\",\"@id\":\"https:\\\/\\\/dittaweb.it\\\/wpdw\\\/#\\\/schema\\\/logo\\\/image\\\/\",\"url\":\"https:\\\/\\\/dittaweb.it\\\/wpdw\\\/wp-content\\\/uploads\\\/logo_dittaweb_trasp40.png\",\"contentUrl\":\"https:\\\/\\\/dittaweb.it\\\/wpdw\\\/wp-content\\\/uploads\\\/logo_dittaweb_trasp40.png\",\"width\":201,\"height\":40,\"caption\":\"Dittaweb by Sargo soc. coop\"},\"image\":{\"@id\":\"https:\\\/\\\/dittaweb.it\\\/wpdw\\\/#\\\/schema\\\/logo\\\/image\\\/\"},\"sameAs\":[\"https:\\\/\\\/www.facebook.com\\\/Sargo-1607970546098800\\\/\"]}]}<\/script>\n<!-- \/ Yoast SEO plugin. -->","yoast_head_json":{"title":"Assistenza - Dittaweb","description":"L'assistenza Dittaweb assicura la soluzione dei problemi nel minor tempo possibile, con chat online per contatto in tempo reale","robots":{"index":"index","follow":"follow","max-snippet":"max-snippet:-1","max-image-preview":"max-image-preview:large","max-video-preview":"max-video-preview:-1"},"canonical":"https:\/\/dittaweb.it\/wpdw\/index.php\/assistenza\/","og_locale":"it_IT","og_type":"article","og_title":"Assistenza - Dittaweb","og_description":"L'assistenza Dittaweb assicura la soluzione dei problemi nel minor tempo possibile, con chat online per contatto in tempo reale","og_url":"https:\/\/dittaweb.it\/wpdw\/index.php\/assistenza\/","og_site_name":"Dittaweb","article_publisher":"https:\/\/www.facebook.com\/Sargo-1607970546098800\/","article_modified_time":"2024-01-23T13:40:44+00:00","twitter_card":"summary_large_image","twitter_misc":{"Tempo di lettura stimato":"2 minuti"},"schema":{"@context":"https:\/\/schema.org","@graph":[{"@type":"WebPage","@id":"https:\/\/dittaweb.it\/wpdw\/index.php\/assistenza\/","url":"https:\/\/dittaweb.it\/wpdw\/index.php\/assistenza\/","name":"Assistenza - Dittaweb","isPartOf":{"@id":"https:\/\/dittaweb.it\/wpdw\/#website"},"datePublished":"2018-10-19T16:27:43+00:00","dateModified":"2024-01-23T13:40:44+00:00","description":"L'assistenza Dittaweb assicura la soluzione dei problemi nel minor tempo possibile, con chat online per contatto in tempo reale","breadcrumb":{"@id":"https:\/\/dittaweb.it\/wpdw\/index.php\/assistenza\/#breadcrumb"},"inLanguage":"it-IT","potentialAction":[{"@type":"ReadAction","target":["https:\/\/dittaweb.it\/wpdw\/index.php\/assistenza\/"]}]},{"@type":"BreadcrumbList","@id":"https:\/\/dittaweb.it\/wpdw\/index.php\/assistenza\/#breadcrumb","itemListElement":[{"@type":"ListItem","position":1,"name":"Home","item":"https:\/\/dittaweb.it\/wpdw\/"},{"@type":"ListItem","position":2,"name":"Assistenza"}]},{"@type":"WebSite","@id":"https:\/\/dittaweb.it\/wpdw\/#website","url":"https:\/\/dittaweb.it\/wpdw\/","name":"Dittaweb","description":"Gestionale ERP cloud","publisher":{"@id":"https:\/\/dittaweb.it\/wpdw\/#organization"},"potentialAction":[{"@type":"SearchAction","target":{"@type":"EntryPoint","urlTemplate":"https:\/\/dittaweb.it\/wpdw\/?s={search_term_string}"},"query-input":{"@type":"PropertyValueSpecification","valueRequired":true,"valueName":"search_term_string"}}],"inLanguage":"it-IT"},{"@type":"Organization","@id":"https:\/\/dittaweb.it\/wpdw\/#organization","name":"Dittaweb by Sargo soc. coop","url":"https:\/\/dittaweb.it\/wpdw\/","logo":{"@type":"ImageObject","inLanguage":"it-IT","@id":"https:\/\/dittaweb.it\/wpdw\/#\/schema\/logo\/image\/","url":"https:\/\/dittaweb.it\/wpdw\/wp-content\/uploads\/logo_dittaweb_trasp40.png","contentUrl":"https:\/\/dittaweb.it\/wpdw\/wp-content\/uploads\/logo_dittaweb_trasp40.png","width":201,"height":40,"caption":"Dittaweb by Sargo soc. coop"},"image":{"@id":"https:\/\/dittaweb.it\/wpdw\/#\/schema\/logo\/image\/"},"sameAs":["https:\/\/www.facebook.com\/Sargo-1607970546098800\/"]}]}},"_links":{"self":[{"href":"https:\/\/dittaweb.it\/wpdw\/index.php\/wp-json\/wp\/v2\/pages\/1211","targetHints":{"allow":["GET"]}}],"collection":[{"href":"https:\/\/dittaweb.it\/wpdw\/index.php\/wp-json\/wp\/v2\/pages"}],"about":[{"href":"https:\/\/dittaweb.it\/wpdw\/index.php\/wp-json\/wp\/v2\/types\/page"}],"author":[{"embeddable":true,"href":"https:\/\/dittaweb.it\/wpdw\/index.php\/wp-json\/wp\/v2\/users\/2"}],"replies":[{"embeddable":true,"href":"https:\/\/dittaweb.it\/wpdw\/index.php\/wp-json\/wp\/v2\/comments?post=1211"}],"version-history":[{"count":23,"href":"https:\/\/dittaweb.it\/wpdw\/index.php\/wp-json\/wp\/v2\/pages\/1211\/revisions"}],"predecessor-version":[{"id":3424,"href":"https:\/\/dittaweb.it\/wpdw\/index.php\/wp-json\/wp\/v2\/pages\/1211\/revisions\/3424"}],"wp:attachment":[{"href":"https:\/\/dittaweb.it\/wpdw\/index.php\/wp-json\/wp\/v2\/media?parent=1211"}],"curies":[{"name":"wp","href":"https:\/\/api.w.org\/{rel}","templated":true}]}}