{"id":1396,"date":"2018-10-22T21:03:13","date_gmt":"2018-10-22T19:03:13","guid":{"rendered":"https:\/\/dittaweb.it\/wpdw\/?page_id=1396"},"modified":"2020-01-06T19:19:39","modified_gmt":"2020-01-06T18:19:39","slug":"lazienda","status":"publish","type":"page","link":"https:\/\/dittaweb.it\/wpdw\/index.php\/lazienda\/","title":{"rendered":"L&#8217;azienda"},"content":{"rendered":"<p><div class=\"fusion-fullwidth fullwidth-box fusion-builder-row-1 hundred-percent-fullwidth non-hundred-percent-height-scrolling fusion-equal-height-columns\" style=\"--awb-background-position:left top;--awb-border-radius-top-left:0px;--awb-border-radius-top-right:0px;--awb-border-radius-bottom-right:0px;--awb-border-radius-bottom-left:0px;--awb-padding-top:0px;--awb-padding-right:0px;--awb-padding-bottom:0px;--awb-padding-left:0px;--awb-border-sizes-top:0px;--awb-border-sizes-bottom:0px;--awb-flex-wrap:wrap;\" ><div class=\"fusion-builder-row fusion-row\"><div class=\"fusion-layout-column fusion_builder_column fusion-builder-column-0 fusion_builder_column_3_5 3_5 fusion-three-fifth fusion-column-first\" style=\"--awb-padding-top:30px;--awb-padding-right:10%;--awb-padding-bottom:50px;--awb-padding-left:10%;--awb-bg-size:cover;--awb-margin-bottom:0px;width:58.4%; margin-right: 4%;\"><div class=\"fusion-column-wrapper fusion-flex-column-wrapper-legacy\"><div class=\"fusion-text fusion-text-1\"><h2>Sargo, appoggiarsi ad un team di professionisti<\/h2>\n<\/div><div class=\"fusion-text fusion-text-2\"><div class=\"fusion-text\">\n<p><strong>La societ\u00e0 cooperativa Sargo nasce a giugno 2011<\/strong> dall&#8217;unione di pi\u00f9 professionisti, allo scopo di unire competenze ed esperienze pregresse. L\u2019obiettivo \u00e8 quello di proporre e sviluppare progetti organici e coordinati: punto focale la gestione condivisa e sostenibile di servizi primari a imprese e cittadini. Per fare questo ci rapportiamo sia con la Pubblica Amministrazione che con le aziende e i privati.<\/p>\n<\/div>\n<p><strong>Il team software lavora<\/strong> con l\u2019obiettivo di offrire servizi aggiornati secondo le nuove filosofie di lavoro nel campo dell\u2019informatica. L&#8217;azienda usa, produce e promuove\u00a0 <strong>tecnologie aperte<\/strong>, quali open source e open standard. La nostra azienda progetta, sviluppa e supporta\u00a0<strong>sistemi software aziendali<\/strong>\u00a0e presta\u00a0<strong>consulenza tecnico-organizzativa<\/strong>.<\/p>\n<p>Il nostro\u00a0<strong>metodo di lavoro<\/strong>\u00a0\u00e8 impostato sulla\u00a0<strong>chiarezza, semplicit\u00e0<\/strong>\u00a0dei progetti e una costante disponibilit\u00e0 per rendere i software sviluppati sempre adatti alle esigenze dei clienti. I nostri collaboratori sono\u00a0<strong>esperti liberi professionisti<\/strong>, con esperienza pluridecennale\u00a0 in vari settori, e grazie al trasferimento di precedenti esperienze professionali, i nostri sistemi sono elementi importanti presenti in molte aziende gi\u00e0 dai primi anni \u201990.<\/p>\n<p>Avere clienti che lavorano con le soluzioni software sviluppate dai soci Sargo da quasi 30 anni \u00e8 per noi un vanto ed un segnale che lavorare bene, senza risparmiarsi, paga!<\/p>\n<\/div><div class=\"fusion-clearfix\"><\/div><\/div><\/div><div class=\"fusion-layout-column fusion_builder_column fusion-builder-column-1 fusion_builder_column_2_5 2_5 fusion-two-fifth fusion-column-last fusion-animated\" style=\"--awb-bg-image:url(&#039;https:\/\/dittaweb.it\/wpdw\/wp-content\/uploads\/aziendadw1.jpg&#039;);--awb-bg-position:right bottom;--awb-bg-size:cover;--awb-margin-bottom:0px;width:37.6%;\" data-animationType=\"fadeInLeft\" data-animationDuration=\"0.6\" data-animationOffset=\"top-into-view\"><div class=\"fusion-column-wrapper fusion-flex-column-wrapper-legacy fusion-column-has-bg-image\" data-bg-url=\"https:\/\/dittaweb.it\/wpdw\/wp-content\/uploads\/aziendadw1.jpg\"><div class=\"fusion-sep-clear\"><\/div><div class=\"fusion-separator fusion-full-width-sep\" style=\"margin-left: auto;margin-right: auto;margin-top:300px;width:100%;\"><\/div><div class=\"fusion-sep-clear\"><\/div><div class=\"fusion-clearfix\"><\/div><\/div><\/div><\/div><\/div><div class=\"fusion-fullwidth fullwidth-box fusion-builder-row-2 nonhundred-percent-fullwidth non-hundred-percent-height-scrolling\" style=\"--awb-border-radius-top-left:0px;--awb-border-radius-top-right:0px;--awb-border-radius-bottom-right:0px;--awb-border-radius-bottom-left:0px;--awb-padding-top:20px;--awb-padding-bottom:20px;--awb-flex-wrap:wrap;\" ><div class=\"fusion-builder-row fusion-row\"><div class=\"fusion-layout-column fusion_builder_column fusion-builder-column-2 fusion_builder_column_1_1 1_1 fusion-one-full fusion-column-first fusion-column-last\" style=\"--awb-bg-size:cover;--awb-margin-bottom:0px;\"><div class=\"fusion-column-wrapper fusion-flex-column-wrapper-legacy\"><div class=\"fusion-title title fusion-title-1 sep-underline sep-solid fusion-title-text fusion-title-size-three\" style=\"--awb-margin-bottom:5px;\"><h3 class=\"fusion-title-heading title-heading-left\" style=\"margin:0;\">Perch\u00e9 noi<\/h3><\/div><div class=\"fusion-clearfix\"><\/div><\/div><\/div><div class=\"fusion-layout-column fusion_builder_column fusion-builder-column-3 fusion_builder_column_1_2 1_2 fusion-one-half fusion-column-first\" style=\"--awb-bg-size:cover;--awb-margin-bottom:0px;width:48%; margin-right: 4%;\"><div class=\"fusion-column-wrapper fusion-flex-column-wrapper-legacy\"><div class=\"accordian fusion-accordian\" style=\"--awb-border-size:1px;--awb-icon-size:13px;--awb-content-font-size:14px;--awb-icon-alignment:left;--awb-hover-color:#f9f9f9;--awb-border-color:#cccccc;--awb-background-color:#ffffff;--awb-divider-color:#e0dede;--awb-divider-hover-color:#e0dede;--awb-icon-color:#ffffff;--awb-title-color:#333333;--awb-content-color:#747474;--awb-icon-box-color:#333333;--awb-toggle-hover-accent-color:#926d2b;--awb-title-font-family:&quot;Open Sans&quot;;--awb-title-font-weight:400;--awb-title-font-style:normal;--awb-title-font-size:14px;--awb-content-font-family:&quot;Open Sans&quot;;--awb-content-font-style:normal;--awb-content-font-weight:400;\"><div class=\"panel-group fusion-toggle-icon-boxed\" id=\"accordion-1396-1\"><div class=\"fusion-panel panel-default panel-a2cb2b28d56121756 fusion-toggle-has-divider\"><div class=\"panel-heading\"><h4 class=\"panel-title toggle\" id=\"toggle_a2cb2b28d56121756\"><a class=\"active\" aria-expanded=\"true\" aria-controls=\"a2cb2b28d56121756\" role=\"button\" data-toggle=\"collapse\" data-parent=\"#accordion-1396-1\" data-target=\"#a2cb2b28d56121756\" href=\"#a2cb2b28d56121756\"><span class=\"fusion-toggle-icon-wrapper\" aria-hidden=\"true\"><i class=\"fa-fusion-box active-icon awb-icon-minus\" aria-hidden=\"true\"><\/i><i class=\"fa-fusion-box inactive-icon awb-icon-plus\" aria-hidden=\"true\"><\/i><\/span><span class=\"fusion-toggle-heading\">Siamo economici ma non regaliamo il nostro lavoro<\/span><\/a><\/h4><\/div><div id=\"a2cb2b28d56121756\" class=\"panel-collapse collapse in\" aria-labelledby=\"toggle_a2cb2b28d56121756\"><div class=\"panel-body toggle-content fusion-clearfix\">\n<p>Chiediamo il giusto compenso per il nostro lavoro, che \u00e8 alquanto economico rispetto al mercato, e che ci costa tempo, dedizione e molto impegno. Facciamo solo software, non dobbiamo stipendiare manager, segretari, impiegati, commerciali\u2026<\/p>\n<\/div><\/div><\/div><div class=\"fusion-panel panel-default panel-28f3d8a23775b3065 fusion-toggle-has-divider\"><div class=\"panel-heading\"><h4 class=\"panel-title toggle\" id=\"toggle_28f3d8a23775b3065\"><a aria-expanded=\"false\" aria-controls=\"28f3d8a23775b3065\" role=\"button\" data-toggle=\"collapse\" data-parent=\"#accordion-1396-1\" data-target=\"#28f3d8a23775b3065\" href=\"#28f3d8a23775b3065\"><span class=\"fusion-toggle-icon-wrapper\" aria-hidden=\"true\"><i class=\"fa-fusion-box active-icon awb-icon-minus\" aria-hidden=\"true\"><\/i><i class=\"fa-fusion-box inactive-icon awb-icon-plus\" aria-hidden=\"true\"><\/i><\/span><span class=\"fusion-toggle-heading\">Siamo collaborativi<\/span><\/a><\/h4><\/div><div id=\"28f3d8a23775b3065\" class=\"panel-collapse collapse \" aria-labelledby=\"toggle_28f3d8a23775b3065\"><div class=\"panel-body toggle-content fusion-clearfix\">\n<p>Trasferiamo volentieri ai nostri Clienti la conoscenza ed il materiale necessario perch\u00e9 diventino, ove possibile, autonomi.<\/p>\n<\/div><\/div><\/div><div class=\"fusion-panel panel-default panel-258800061f7fc53b8 fusion-toggle-has-divider\"><div class=\"panel-heading\"><h4 class=\"panel-title toggle\" id=\"toggle_258800061f7fc53b8\"><a aria-expanded=\"false\" aria-controls=\"258800061f7fc53b8\" role=\"button\" data-toggle=\"collapse\" data-parent=\"#accordion-1396-1\" data-target=\"#258800061f7fc53b8\" href=\"#258800061f7fc53b8\"><span class=\"fusion-toggle-icon-wrapper\" aria-hidden=\"true\"><i class=\"fa-fusion-box active-icon awb-icon-minus\" aria-hidden=\"true\"><\/i><i class=\"fa-fusion-box inactive-icon awb-icon-plus\" aria-hidden=\"true\"><\/i><\/span><span class=\"fusion-toggle-heading\">Non seguiamo le mode<\/span><\/a><\/h4><\/div><div id=\"258800061f7fc53b8\" class=\"panel-collapse collapse \" aria-labelledby=\"toggle_258800061f7fc53b8\"><div class=\"panel-body toggle-content fusion-clearfix\">\n<p>Propendiamo sempre a scegliere tecnologia mature e scelte conservative per minimizzare i rischi dei nostri Clienti.<\/p>\n<\/div><\/div><\/div><div class=\"fusion-panel panel-default panel-761d1b6393b093d31 fusion-toggle-has-divider\"><div class=\"panel-heading\"><h4 class=\"panel-title toggle\" id=\"toggle_761d1b6393b093d31\"><a aria-expanded=\"false\" aria-controls=\"761d1b6393b093d31\" role=\"button\" data-toggle=\"collapse\" data-parent=\"#accordion-1396-1\" data-target=\"#761d1b6393b093d31\" href=\"#761d1b6393b093d31\"><span class=\"fusion-toggle-icon-wrapper\" aria-hidden=\"true\"><i class=\"fa-fusion-box active-icon awb-icon-minus\" aria-hidden=\"true\"><\/i><i class=\"fa-fusion-box inactive-icon awb-icon-plus\" aria-hidden=\"true\"><\/i><\/span><span class=\"fusion-toggle-heading\">Non lavoriamo senza acconto<\/span><\/a><\/h4><\/div><div id=\"761d1b6393b093d31\" class=\"panel-collapse collapse \" aria-labelledby=\"toggle_761d1b6393b093d31\"><div class=\"panel-body toggle-content fusion-clearfix\">\n<p>Che sia micro o mega impresa, chiediamo sempre un acconto, ed il pagamento non va oltre i 60 gg.<\/p>\n<\/div><\/div><\/div><div class=\"fusion-panel panel-default panel-a96503c92f05059d1 fusion-toggle-has-divider\"><div class=\"panel-heading\"><h4 class=\"panel-title toggle\" id=\"toggle_a96503c92f05059d1\"><a aria-expanded=\"false\" aria-controls=\"a96503c92f05059d1\" role=\"button\" data-toggle=\"collapse\" data-parent=\"#accordion-1396-1\" data-target=\"#a96503c92f05059d1\" href=\"#a96503c92f05059d1\"><span class=\"fusion-toggle-icon-wrapper\" aria-hidden=\"true\"><i class=\"fa-fusion-box active-icon awb-icon-minus\" aria-hidden=\"true\"><\/i><i class=\"fa-fusion-box inactive-icon awb-icon-plus\" aria-hidden=\"true\"><\/i><\/span><span class=\"fusion-toggle-heading\">Non facciamo qualsiasi cosa<\/span><\/a><\/h4><\/div><div id=\"a96503c92f05059d1\" class=\"panel-collapse collapse \" aria-labelledby=\"toggle_a96503c92f05059d1\"><div class=\"panel-body toggle-content fusion-clearfix\">\n<p>Il parere dei nostri Clienti \u00e8 importante, ma i professionisti siamo noi<\/p>\n<\/div><\/div><\/div><\/div><\/div><div class=\"fusion-clearfix\"><\/div><\/div><\/div><div class=\"fusion-layout-column fusion_builder_column fusion-builder-column-4 fusion_builder_column_1_2 1_2 fusion-one-half fusion-column-last\" style=\"--awb-bg-size:cover;--awb-margin-bottom:0px;width:48%;\"><div class=\"fusion-column-wrapper fusion-flex-column-wrapper-legacy\"><div class=\"accordian fusion-accordian\" style=\"--awb-border-size:1px;--awb-icon-size:13px;--awb-content-font-size:14px;--awb-icon-alignment:left;--awb-hover-color:#f9f9f9;--awb-border-color:#cccccc;--awb-background-color:#ffffff;--awb-divider-color:#e0dede;--awb-divider-hover-color:#e0dede;--awb-icon-color:#ffffff;--awb-title-color:#333333;--awb-content-color:#747474;--awb-icon-box-color:#333333;--awb-toggle-hover-accent-color:#926d2b;--awb-title-font-family:&quot;Open Sans&quot;;--awb-title-font-weight:400;--awb-title-font-style:normal;--awb-title-font-size:14px;--awb-content-font-family:&quot;Open Sans&quot;;--awb-content-font-style:normal;--awb-content-font-weight:400;\"><div class=\"panel-group fusion-toggle-icon-boxed\" id=\"accordion-1396-2\"><div class=\"fusion-panel panel-default panel-801e204bf6bdb0640 fusion-toggle-has-divider\"><div class=\"panel-heading\"><h4 class=\"panel-title toggle\" id=\"toggle_801e204bf6bdb0640\"><a aria-expanded=\"false\" aria-controls=\"801e204bf6bdb0640\" role=\"button\" data-toggle=\"collapse\" data-parent=\"#accordion-1396-2\" data-target=\"#801e204bf6bdb0640\" href=\"#801e204bf6bdb0640\"><span class=\"fusion-toggle-icon-wrapper\" aria-hidden=\"true\"><i class=\"fa-fusion-box active-icon awb-icon-minus\" aria-hidden=\"true\"><\/i><i class=\"fa-fusion-box inactive-icon awb-icon-plus\" aria-hidden=\"true\"><\/i><\/span><span class=\"fusion-toggle-heading\">Siamo trasparenti<\/span><\/a><\/h4><\/div><div id=\"801e204bf6bdb0640\" class=\"panel-collapse collapse \" aria-labelledby=\"toggle_801e204bf6bdb0640\"><div class=\"panel-body toggle-content fusion-clearfix\">\n<p>Le nostre offerte sono chiare, senza costi nascosti, senza sorprese per il Cliente. Evidenziamo pregi e difetti di ogni soluzione proposta, in modo che i nostri Clienti possano fare una scelta consapevole.<\/p>\n<\/div><\/div><\/div><div class=\"fusion-panel panel-default panel-239c0153821e4fec0 fusion-toggle-has-divider\"><div class=\"panel-heading\"><h4 class=\"panel-title toggle\" id=\"toggle_239c0153821e4fec0\"><a aria-expanded=\"false\" aria-controls=\"239c0153821e4fec0\" role=\"button\" data-toggle=\"collapse\" data-parent=\"#accordion-1396-2\" data-target=\"#239c0153821e4fec0\" href=\"#239c0153821e4fec0\"><span class=\"fusion-toggle-icon-wrapper\" aria-hidden=\"true\"><i class=\"fa-fusion-box active-icon awb-icon-minus\" aria-hidden=\"true\"><\/i><i class=\"fa-fusion-box inactive-icon awb-icon-plus\" aria-hidden=\"true\"><\/i><\/span><span class=\"fusion-toggle-heading\">Parliamo semplice<\/span><\/a><\/h4><\/div><div id=\"239c0153821e4fec0\" class=\"panel-collapse collapse \" aria-labelledby=\"toggle_239c0153821e4fec0\"><div class=\"panel-body toggle-content fusion-clearfix\">\n<p>Vogliamo far comprendere anche il concetto pi\u00f9 complesso a chi tecnico non \u00e8: capire cosa facciamo \u00e8 importante.<\/p>\n<\/div><\/div><\/div><div class=\"fusion-panel panel-default panel-9788b2d208ccece94 fusion-toggle-has-divider\"><div class=\"panel-heading\"><h4 class=\"panel-title toggle\" id=\"toggle_9788b2d208ccece94\"><a aria-expanded=\"false\" aria-controls=\"9788b2d208ccece94\" role=\"button\" data-toggle=\"collapse\" data-parent=\"#accordion-1396-2\" data-target=\"#9788b2d208ccece94\" href=\"#9788b2d208ccece94\"><span class=\"fusion-toggle-icon-wrapper\" aria-hidden=\"true\"><i class=\"fa-fusion-box active-icon awb-icon-minus\" aria-hidden=\"true\"><\/i><i class=\"fa-fusion-box inactive-icon awb-icon-plus\" aria-hidden=\"true\"><\/i><\/span><span class=\"fusion-toggle-heading\">No perditempo<\/span><\/a><\/h4><\/div><div id=\"9788b2d208ccece94\" class=\"panel-collapse collapse \" aria-labelledby=\"toggle_9788b2d208ccece94\"><div class=\"panel-body toggle-content fusion-clearfix\">\n<p>Comunicazioni (email, telefono) chiare e sintetiche: perch\u00e9 far perdere tempo ai nostri Clienti?<\/p>\n<\/div><\/div><\/div><div class=\"fusion-panel panel-default panel-598b790f68f44f7b5 fusion-toggle-has-divider\"><div class=\"panel-heading\"><h4 class=\"panel-title toggle\" id=\"toggle_598b790f68f44f7b5\"><a aria-expanded=\"false\" aria-controls=\"598b790f68f44f7b5\" role=\"button\" data-toggle=\"collapse\" data-parent=\"#accordion-1396-2\" data-target=\"#598b790f68f44f7b5\" href=\"#598b790f68f44f7b5\"><span class=\"fusion-toggle-icon-wrapper\" aria-hidden=\"true\"><i class=\"fa-fusion-box active-icon awb-icon-minus\" aria-hidden=\"true\"><\/i><i class=\"fa-fusion-box inactive-icon awb-icon-plus\" aria-hidden=\"true\"><\/i><\/span><span class=\"fusion-toggle-heading\">Troviamo soluzioni eleganti, efficienti ed efficaci<\/span><\/a><\/h4><\/div><div id=\"598b790f68f44f7b5\" class=\"panel-collapse collapse \" aria-labelledby=\"toggle_598b790f68f44f7b5\"><div class=\"panel-body toggle-content fusion-clearfix\">\n<p>Spiegate le esigenze del Cliente, siamo in grado di trovare la soluzione migliore per lui con il giusto compromesso tra costi e benefici.<\/p>\n<\/div><\/div><\/div><div class=\"fusion-panel panel-default panel-898ad0b41d4bdd4d6 fusion-toggle-has-divider\"><div class=\"panel-heading\"><h4 class=\"panel-title toggle\" id=\"toggle_898ad0b41d4bdd4d6\"><a aria-expanded=\"false\" aria-controls=\"898ad0b41d4bdd4d6\" role=\"button\" data-toggle=\"collapse\" data-parent=\"#accordion-1396-2\" data-target=\"#898ad0b41d4bdd4d6\" href=\"#898ad0b41d4bdd4d6\"><span class=\"fusion-toggle-icon-wrapper\" aria-hidden=\"true\"><i class=\"fa-fusion-box active-icon awb-icon-minus\" aria-hidden=\"true\"><\/i><i class=\"fa-fusion-box inactive-icon awb-icon-plus\" aria-hidden=\"true\"><\/i><\/span><span class=\"fusion-toggle-heading\">Siamo diretti<\/span><\/a><\/h4><\/div><div id=\"898ad0b41d4bdd4d6\" class=\"panel-collapse collapse \" aria-labelledby=\"toggle_898ad0b41d4bdd4d6\"><div class=\"panel-body toggle-content fusion-clearfix\">\n<p>Lavoriamo a stretto contatto col Cliente, che ci chiama e parla direttamente con noi. Niente ticket, attese telefoniche o altro.<\/p>\n<\/div><\/div><\/div><\/div><\/div><div class=\"fusion-clearfix\"><\/div><\/div><\/div><\/div><\/div><\/p>\n","protected":false},"excerpt":{"rendered":"","protected":false},"author":2,"featured_media":0,"parent":0,"menu_order":0,"comment_status":"closed","ping_status":"closed","template":"100-width.php","meta":{"footnotes":""},"class_list":["post-1396","page","type-page","status-publish","hentry"],"yoast_head":"<!-- This site is optimized with the Yoast SEO plugin v27.3 - https:\/\/yoast.com\/product\/yoast-seo-wordpress\/ -->\n<title>L&#039;azienda - Dittaweb<\/title>\n<meta name=\"description\" content=\"Dittaweb \u00e8 un gestionale Sargo, che con i suoi professionisti da oltre 30 anni sviluppa software per ed assieme a PMI e professionisti\" \/>\n<meta name=\"robots\" content=\"index, follow, max-snippet:-1, max-image-preview:large, max-video-preview:-1\" \/>\n<link rel=\"canonical\" href=\"https:\/\/dittaweb.it\/wpdw\/index.php\/lazienda\/\" \/>\n<meta property=\"og:locale\" content=\"it_IT\" \/>\n<meta property=\"og:type\" content=\"article\" \/>\n<meta property=\"og:title\" content=\"L&#039;azienda - Dittaweb\" \/>\n<meta property=\"og:description\" content=\"Dittaweb \u00e8 un gestionale Sargo, che con i suoi professionisti da oltre 30 anni sviluppa software per ed assieme a PMI e professionisti\" \/>\n<meta property=\"og:url\" content=\"https:\/\/dittaweb.it\/wpdw\/index.php\/lazienda\/\" \/>\n<meta property=\"og:site_name\" content=\"Dittaweb\" \/>\n<meta property=\"article:publisher\" content=\"https:\/\/www.facebook.com\/Sargo-1607970546098800\/\" \/>\n<meta property=\"article:modified_time\" content=\"2020-01-06T18:19:39+00:00\" \/>\n<meta name=\"twitter:card\" content=\"summary_large_image\" \/>\n<meta name=\"twitter:label1\" content=\"Tempo di lettura stimato\" \/>\n\t<meta name=\"twitter:data1\" content=\"6 minuti\" \/>\n<script type=\"application\/ld+json\" class=\"yoast-schema-graph\">{\"@context\":\"https:\\\/\\\/schema.org\",\"@graph\":[{\"@type\":\"WebPage\",\"@id\":\"https:\\\/\\\/dittaweb.it\\\/wpdw\\\/index.php\\\/lazienda\\\/\",\"url\":\"https:\\\/\\\/dittaweb.it\\\/wpdw\\\/index.php\\\/lazienda\\\/\",\"name\":\"L'azienda - Dittaweb\",\"isPartOf\":{\"@id\":\"https:\\\/\\\/dittaweb.it\\\/wpdw\\\/#website\"},\"datePublished\":\"2018-10-22T19:03:13+00:00\",\"dateModified\":\"2020-01-06T18:19:39+00:00\",\"description\":\"Dittaweb \u00e8 un gestionale Sargo, che con i suoi professionisti da oltre 30 anni sviluppa software per ed assieme a PMI e professionisti\",\"breadcrumb\":{\"@id\":\"https:\\\/\\\/dittaweb.it\\\/wpdw\\\/index.php\\\/lazienda\\\/#breadcrumb\"},\"inLanguage\":\"it-IT\",\"potentialAction\":[{\"@type\":\"ReadAction\",\"target\":[\"https:\\\/\\\/dittaweb.it\\\/wpdw\\\/index.php\\\/lazienda\\\/\"]}]},{\"@type\":\"BreadcrumbList\",\"@id\":\"https:\\\/\\\/dittaweb.it\\\/wpdw\\\/index.php\\\/lazienda\\\/#breadcrumb\",\"itemListElement\":[{\"@type\":\"ListItem\",\"position\":1,\"name\":\"Home\",\"item\":\"https:\\\/\\\/dittaweb.it\\\/wpdw\\\/\"},{\"@type\":\"ListItem\",\"position\":2,\"name\":\"L&#8217;azienda\"}]},{\"@type\":\"WebSite\",\"@id\":\"https:\\\/\\\/dittaweb.it\\\/wpdw\\\/#website\",\"url\":\"https:\\\/\\\/dittaweb.it\\\/wpdw\\\/\",\"name\":\"Dittaweb\",\"description\":\"Gestionale ERP cloud\",\"publisher\":{\"@id\":\"https:\\\/\\\/dittaweb.it\\\/wpdw\\\/#organization\"},\"potentialAction\":[{\"@type\":\"SearchAction\",\"target\":{\"@type\":\"EntryPoint\",\"urlTemplate\":\"https:\\\/\\\/dittaweb.it\\\/wpdw\\\/?s={search_term_string}\"},\"query-input\":{\"@type\":\"PropertyValueSpecification\",\"valueRequired\":true,\"valueName\":\"search_term_string\"}}],\"inLanguage\":\"it-IT\"},{\"@type\":\"Organization\",\"@id\":\"https:\\\/\\\/dittaweb.it\\\/wpdw\\\/#organization\",\"name\":\"Dittaweb by Sargo soc. coop\",\"url\":\"https:\\\/\\\/dittaweb.it\\\/wpdw\\\/\",\"logo\":{\"@type\":\"ImageObject\",\"inLanguage\":\"it-IT\",\"@id\":\"https:\\\/\\\/dittaweb.it\\\/wpdw\\\/#\\\/schema\\\/logo\\\/image\\\/\",\"url\":\"https:\\\/\\\/dittaweb.it\\\/wpdw\\\/wp-content\\\/uploads\\\/logo_dittaweb_trasp40.png\",\"contentUrl\":\"https:\\\/\\\/dittaweb.it\\\/wpdw\\\/wp-content\\\/uploads\\\/logo_dittaweb_trasp40.png\",\"width\":201,\"height\":40,\"caption\":\"Dittaweb by Sargo soc. coop\"},\"image\":{\"@id\":\"https:\\\/\\\/dittaweb.it\\\/wpdw\\\/#\\\/schema\\\/logo\\\/image\\\/\"},\"sameAs\":[\"https:\\\/\\\/www.facebook.com\\\/Sargo-1607970546098800\\\/\"]}]}<\/script>\n<!-- \/ Yoast SEO plugin. -->","yoast_head_json":{"title":"L'azienda - Dittaweb","description":"Dittaweb \u00e8 un gestionale Sargo, che con i suoi professionisti da oltre 30 anni sviluppa software per ed assieme a PMI e professionisti","robots":{"index":"index","follow":"follow","max-snippet":"max-snippet:-1","max-image-preview":"max-image-preview:large","max-video-preview":"max-video-preview:-1"},"canonical":"https:\/\/dittaweb.it\/wpdw\/index.php\/lazienda\/","og_locale":"it_IT","og_type":"article","og_title":"L'azienda - Dittaweb","og_description":"Dittaweb \u00e8 un gestionale Sargo, che con i suoi professionisti da oltre 30 anni sviluppa software per ed assieme a PMI e professionisti","og_url":"https:\/\/dittaweb.it\/wpdw\/index.php\/lazienda\/","og_site_name":"Dittaweb","article_publisher":"https:\/\/www.facebook.com\/Sargo-1607970546098800\/","article_modified_time":"2020-01-06T18:19:39+00:00","twitter_card":"summary_large_image","twitter_misc":{"Tempo di lettura stimato":"6 minuti"},"schema":{"@context":"https:\/\/schema.org","@graph":[{"@type":"WebPage","@id":"https:\/\/dittaweb.it\/wpdw\/index.php\/lazienda\/","url":"https:\/\/dittaweb.it\/wpdw\/index.php\/lazienda\/","name":"L'azienda - Dittaweb","isPartOf":{"@id":"https:\/\/dittaweb.it\/wpdw\/#website"},"datePublished":"2018-10-22T19:03:13+00:00","dateModified":"2020-01-06T18:19:39+00:00","description":"Dittaweb \u00e8 un gestionale Sargo, che con i suoi professionisti da oltre 30 anni sviluppa software per ed assieme a PMI e professionisti","breadcrumb":{"@id":"https:\/\/dittaweb.it\/wpdw\/index.php\/lazienda\/#breadcrumb"},"inLanguage":"it-IT","potentialAction":[{"@type":"ReadAction","target":["https:\/\/dittaweb.it\/wpdw\/index.php\/lazienda\/"]}]},{"@type":"BreadcrumbList","@id":"https:\/\/dittaweb.it\/wpdw\/index.php\/lazienda\/#breadcrumb","itemListElement":[{"@type":"ListItem","position":1,"name":"Home","item":"https:\/\/dittaweb.it\/wpdw\/"},{"@type":"ListItem","position":2,"name":"L&#8217;azienda"}]},{"@type":"WebSite","@id":"https:\/\/dittaweb.it\/wpdw\/#website","url":"https:\/\/dittaweb.it\/wpdw\/","name":"Dittaweb","description":"Gestionale ERP cloud","publisher":{"@id":"https:\/\/dittaweb.it\/wpdw\/#organization"},"potentialAction":[{"@type":"SearchAction","target":{"@type":"EntryPoint","urlTemplate":"https:\/\/dittaweb.it\/wpdw\/?s={search_term_string}"},"query-input":{"@type":"PropertyValueSpecification","valueRequired":true,"valueName":"search_term_string"}}],"inLanguage":"it-IT"},{"@type":"Organization","@id":"https:\/\/dittaweb.it\/wpdw\/#organization","name":"Dittaweb by Sargo soc. coop","url":"https:\/\/dittaweb.it\/wpdw\/","logo":{"@type":"ImageObject","inLanguage":"it-IT","@id":"https:\/\/dittaweb.it\/wpdw\/#\/schema\/logo\/image\/","url":"https:\/\/dittaweb.it\/wpdw\/wp-content\/uploads\/logo_dittaweb_trasp40.png","contentUrl":"https:\/\/dittaweb.it\/wpdw\/wp-content\/uploads\/logo_dittaweb_trasp40.png","width":201,"height":40,"caption":"Dittaweb by Sargo soc. coop"},"image":{"@id":"https:\/\/dittaweb.it\/wpdw\/#\/schema\/logo\/image\/"},"sameAs":["https:\/\/www.facebook.com\/Sargo-1607970546098800\/"]}]}},"_links":{"self":[{"href":"https:\/\/dittaweb.it\/wpdw\/index.php\/wp-json\/wp\/v2\/pages\/1396","targetHints":{"allow":["GET"]}}],"collection":[{"href":"https:\/\/dittaweb.it\/wpdw\/index.php\/wp-json\/wp\/v2\/pages"}],"about":[{"href":"https:\/\/dittaweb.it\/wpdw\/index.php\/wp-json\/wp\/v2\/types\/page"}],"author":[{"embeddable":true,"href":"https:\/\/dittaweb.it\/wpdw\/index.php\/wp-json\/wp\/v2\/users\/2"}],"replies":[{"embeddable":true,"href":"https:\/\/dittaweb.it\/wpdw\/index.php\/wp-json\/wp\/v2\/comments?post=1396"}],"version-history":[{"count":17,"href":"https:\/\/dittaweb.it\/wpdw\/index.php\/wp-json\/wp\/v2\/pages\/1396\/revisions"}],"predecessor-version":[{"id":1690,"href":"https:\/\/dittaweb.it\/wpdw\/index.php\/wp-json\/wp\/v2\/pages\/1396\/revisions\/1690"}],"wp:attachment":[{"href":"https:\/\/dittaweb.it\/wpdw\/index.php\/wp-json\/wp\/v2\/media?parent=1396"}],"curies":[{"name":"wp","href":"https:\/\/api.w.org\/{rel}","templated":true}]}}